- 29. Suppose 55 + 56 = g*n. Is n composite?
False
Let k(x) = 430*x + 19. Is k(1) a prime number?
True
Let x = -39853 - -69114. Is x composite?
True
Let i(h) = -3*h - 6*h**2 - 6*h + 2 - 5*h + 2*h**3 + 9. Let q be i(9). Let f = -478 + q. Is f a prime number?
True
Let y be (-175)/(-21)*(-69)/(-1) - 3. Let w(h) = -4*h**3 + h. Let b be w(-1). Suppose b*x = -x + y. Is x composite?
True
Let f(s) = -10*s - s**3 + 6*s**3 - 6*s**3 - 1 + 2*s - 10*s**2. Is f(-10) prime?
True
Let b(i) = 7*i**3 - 3*i**2 - 4*i - 2. Let d be (-6)/(-2 - -1*(-2)/(-4)). Is b(d) a prime number?
False
Let a(f) = f**2 - 28*f - 262. Is a(-23) a composite number?
False
Suppose -2*k - 9 = 3*a - 5, -5*a - 20 = 0. Is (-2)/k*-2*31180/20 prime?
True
Let b = 941 + -154. Suppose 6*p = 7751 + b. Is p prime?
True
Let n(u) be the first derivative of 9*u**4/4 + u**3/3 - 5*u**2/2 + 22*u - 19. Is n(5) prime?
False
Is 8633 + ((-1)/2)/((-6)/48) a composite number?
True
Let s = 86373 - 30930. Is s composite?
True
Let u(q) = -8*q**3 - 6*q**2 - 11*q - 52. Is u(-5) prime?
True
Let g(o) = o + 12. Let p be g(-14). Let l(h) = -128*h - 2. Is l(p) composite?
True
Let v(k) = 95. Let n(u) = u + 1. Let p(m) = n(m) + v(m). Let d be p(0). Suppose -5*s - o + 156 = 0, -3*o = 2*s + s - d. Is s prime?
True
Let p = -8704 - -48999. Is p composite?
True
Suppose 12*j - 50666 = 50650. Is j prime?
True
Let l = -9 - -6. Let a be (-8)/20 + 37/5. Is (a/l)/(8/(-456)) composite?
True
Let z be ((-6)/9 + 4)*90. Suppose 2*c + 448 = -z. Let f = -243 - c. Is f composite?
False
Suppose -2*w + 10 = -7*w. Suppose -6 = -3*v - 2*h, v - 5*v - 4*h + 8 = 0. Is (-47)/(1/w*v) a prime number?
True
Let n = -12 + 14. Suppose -n*a + 1824 = a. Suppose -347 = -5*o + a. Is o a composite number?
False
Let i = -120 + 125. Suppose -2*m + i*x = -595 + 67, 0 = m - 5*x - 269. Is m prime?
False
Is 659*-7*(-130 + 129) prime?
False
Suppose -t + 892 = 2*f, t = f + 4*t - 446. Is f composite?
True
Let t(d) = -d + 3. Let x be t(4). Is x/(1 + (-384)/382) a composite number?
False
Let x(u) = 9*u - 3. Let s be x(4). Let d be 6/s - 92/22. Let q(g) = 10*g**2 + 5*g + 5. Is q(d) a composite number?
True
Is 12/((-84)/(-88193)) - 12 prime?
False
Let k = 16984 + -7293. Is k composite?
True
Let j = 21226 - 6065. Is j prime?
True
Suppose 1998 - 462 = 6*u. Suppose 274 = 5*f + 3*m, -2*f + 3*m = 3*f - u. Is f prime?
True
Is (7/(189/90))/(2/69) a prime number?
False
Suppose 3*q - 9 = v, 4*q = -4*v + 3*q + 3. Suppose v = -5*h + 6*h. Suppose 2*f - 2*m = -h*m + 378, 2*m = -3*f + 577. Is f composite?
False
Let g be (-1)/(1/(-58) - 0). Let k be 3/(-8) + (-190)/(-80). Suppose -216 + g = -k*o. Is o a composite number?
False
Let k be (900/8)/(18/240). Let q = -629 + k. Is q prime?
False
Suppose 3*k - 6 = 4*k. Let n be ((-4)/k)/((-2)/(-15)). Suppose n*o = o + 76. Is o a composite number?
False
Suppose 0 = 4*g + 3*l - 35 + 8, 11 = g + 5*l. Is (-1)/g + 16235/30 prime?
True
Suppose -h - 11 = 2*m - 0*m, -5*m = 3*h + 28. Is 2550/20 - h/(-2) a prime number?
True
Let d = -230 + 671. Suppose -d = -2*a + 527. Suppose -c = -5*c + a. Is c prime?
False
Suppose 4*v - 3*q = 24, 5*v - 3*v = 4*q + 2. Let u be v/(6/(-2)) + 3. Suppose u*z + z = 257. Is z a prime number?
True
Let n(z) = 23*z - 85. Let j be ((-5)/3)/((-15)/54). Is n(j) prime?
True
Let g = 1133 - 652. Is g a prime number?
False
Suppose 0 = -81*h + 8139989 + 1041604. Is h a prime number?
False
Suppose -1301 = -y + 3*s + 884, 3*y + s = 6535. Is y a composite number?
False
Let j(m) = -m**2 + 3*m + 7. Let z be j(4). Is (-4)/6 - (-3185)/z a prime number?
True
Suppose -14552 = -4*z - 5*b, -3*b - 11484 = -4*z + 3100. Is z prime?
True
Let p(w) = -7*w**3 - w**2 + 3. Let l be p(-2). Let f = l - -94. Is f a composite number?
False
Let q be (2/(-6) - 1)*-3. Suppose -1 = -2*x - p + 1, -5*p - 8 = q*x. Is 3055/15 + (-2)/x composite?
True
Let p = 4437 + -2960. Is (-7 + 3)*p/(-4) a composite number?
True
Suppose 191*i - 414560 = 159*i. Is i a composite number?
True
Let r be 24198/(-21) - (-6)/21. Let f = r + 1897. Let v = f + -512. Is v a composite number?
False
Let y(n) be the first derivative of -165*n**2/2 - 4*n - 19. Is y(-7) composite?
False
Suppose 24*i = 30*i - 18. Suppose i*s + 93 - 1014 = 0. Is s a composite number?
False
Is ((-42)/(-8) + -8)/(2/(-296)) composite?
True
Is (9033/(-6) - 0)/(5/(-70)) a composite number?
True
Suppose -460695 = -j - 14*j. Is j a composite number?
False
Let o = 16334 + -4263. Is o a prime number?
True
Suppose 5*b = 222 + 53. Suppose 10072 = -51*a + b*a. Is a prime?
False
Is (79/4)/(3*4/144) a composite number?
True
Suppose a = 2*o - 0 + 12, 5*a = 4*o + 36. Is (-70)/15*66/o a composite number?
True
Let b(r) = 345*r**2 + 32*r + 23. Is b(-8) prime?
False
Let t be 2*5/(-70) + 418/(-14). Is (3 - t/(-9))*(-2 + -3511) a prime number?
True
Let z = -209 - -304. Is -173*z/((-20)/4) a prime number?
False
Suppose 5*i - 2*i = -24. Let d(v) = v + 10. Let q be d(i). Suppose 3*o - 18 = -2*a + q, -4*o = 3*a - 25. Is o composite?
True
Suppose -3 = -o - 1. Suppose o*i + 279 = 1717. Is i a prime number?
True
Let u = 239 - 8. Suppose -4*o = u + 1005. Let x = -178 - o. Is x a composite number?
False
Let b = 46972 + -20203. Is b a prime number?
False
Let u(n) = 12*n - 17. Let w(l) = -5*l + 62. Let c be w(10). Is u(c) prime?
True
Suppose 14 = 5*m - 1. Let j be 6 + 2*m/(-2). Suppose -j = v - 16. Is v a composite number?
False
Let u(v) = -5*v**2 + 17*v. Let g be u(6). Let l = g + 485. Is l composite?
True
Let m(k) = 529*k + 95. Is m(8) prime?
True
Suppose 19*l = 50341 + 122920. Is l a composite number?
True
Suppose -11*z + 15 = -6*z. Suppose h = -z*r + 13, -3*r + h = 3*h - 17. Suppose -r*a - a = -1964. Is a prime?
True
Let u(n) = 95*n**3 - 2*n - 3. Let f be u(2). Suppose -13*w - f = -14*w. Is w a composite number?
True
Let v(u) = -3*u - 10. Let n be v(-4). Let k be (1 - n/4)*10. Suppose k*b + 2*q = 609, 5*q + 243 = 2*b - 18. Is b a prime number?
False
Let u = 4 - 0. Let k(h) = -75*h - 3. Let z be k(-3). Suppose l - u*l = -z. Is l a composite number?
True
Let h(c) = 16*c**3 - 5*c**2 - 14*c + 18. Is h(5) a composite number?
False
Let v = 1498 - 784. Suppose 1131 = 9*n - v. Is n composite?
True
Let j = -2923 + 5898. Suppose s = -4*s + j. Suppose -8*v + s = -3*v. Is v prime?
False
Let g(f) = -4 + 138*f + 3 + 4 - 2. Let w be g(1). Suppose d + 2*d - 4*q = w, 5*d - 260 = q. Is d composite?
False
Let c(b) = 3*b + 22. Suppose -5*i + 10 = l - 7, 5*i = 5*l + 5. Suppose -w = -2*u - i*w + 22, -4 = w. Is c(u) a prime number?
True
Suppose 16*n = 4*h + 18*n - 3158, -3*h = -n - 2356. Is h a prime number?
True
Let p(m) = -m**3 - 8*m**2 - 9*m - 8. Let x be p(-7). Let l be -5 - (3 + (1 - x)). Is (1 + 126)*l/(-3) a prime number?
True
Let d(t) = -t**2 - 3*t - 23. Let c be d(6). Let v = c + 132. Is v a composite number?
True
Let x(a) = a**2 + 4*a - 7. Let l be x(-6). Suppose 10*u - 5*v - 910 = l*u, 0 = 3*u + 4*v - 581. Is u prime?
False
Let c(b) = b - 5. Let p be c(5). Let k(r) = r**3 + r**2 - 2*r + 485. Is k(p) composite?
True
Let k(i) = 5*i - 9. Let l be k(4). Suppose 739 = l*z - 10*z. Is z prime?
True
Let p = -66 + 137. Suppose i - 3*y - p = -y, -5*i - y = -388. Is i a composite number?
True
Suppose -2536 = -4*u + 4*q, -4*u - 4*q + 624 = -3*u. Suppose p = u - 80. Suppose 0 = -3*v + 1485 + p. Is v a prime number?
False
Suppose 0*h = -2*h - 3772. Let w = -1125 - h. Is w a prime number?
True
Suppose -15*n = -0*n - 144915. Is n a prime number?
True
Suppose 33 - 39 = -3*t, -2*k = t - 25684. Is k a prime number?
True
Suppose -8*d + 2*t + 4022 = -4*d, -3*d + 3012 = -3*t. Is d a composite number?
True
Let d = 53 - 56. Is (-20 - -23)/(d/(-269)) composite?
False
Suppose 0 = -4*o - 3*b + 8, -2*b + 6 = 3*o + 2*b. Suppose -2*f - o*a = -3802, a = -4*f + 4093 + 3511. Is f a prime number?
True
Let l(w) = w**3 - w**2 + 2*w - 3. Let x be l(2). Suppose 0 = 2*t + x - 3, 5*d - 23 = -2*t. Suppose 4*p - 2*p - 67 = -3*u, -u = -d*p - 11. Is u a prime number?
False
Let h(f) = 87*f**2 + 4*f - 24. Let z(d) = -29*d**2 - d + 8. Let o(r) = 3*h(r) + 8*z(r). Is o(3) a composite number?
True
Let c(a) = a**2 - a - 1. Let l be c(-3). Let g = l + -6. Suppose 2047 - 391 = g*u + p, -u + 327 = -4*p. Is u a prime number?
True
Let b(v) = -23*v - 2. Let c be 0/((-4)/((-6)/(-3))). Let r = c - 3. Is b(r